{"id":397,"date":"2023-03-09T13:09:17","date_gmt":"2023-03-09T13:09:17","guid":{"rendered":"https:\/\/www.cemmle.cl\/1984\/?page_id=397"},"modified":"2023-03-22T11:58:45","modified_gmt":"2023-03-22T11:58:45","slug":"talleres-y-selecciones-2023","status":"publish","type":"page","link":"https:\/\/www.cemmle.cl\/1984\/index.php\/talleres-y-selecciones-2023\/","title":{"rendered":"TALLERES Y SELECCIONES 2023"},"content":{"rendered":"\n<figure class=\"wp-block-image size-full\"><img loading=\"lazy\" decoding=\"async\" width=\"400\" height=\"250\" src=\"https:\/\/www.cemmle.cl\/1984\/wp-content\/uploads\/2023\/03\/TYS.gif\" alt=\"\" class=\"wp-image-400\"\/><\/figure>\n\n\n\n<p><\/p>\n\n\n\n<p><strong><u>Estimados(as) Apoderados(as):<\/u><\/strong><\/p>\n\n\n\n<p>Junto con desearles un exitoso a\u00f1o, tanto en lo personal como familiar, le damos a conocer la&nbsp;<strong><u>N\u00f3mina de los Talleres y Selecciones 2023,<\/u><\/strong>&nbsp;que comenzar\u00e1n a funcionar desde el&nbsp;<strong><u>lunes 13 de Marzo 2023.&nbsp;<\/u><\/strong><\/p>\n\n\n\n<p><\/p>\n\n\n\n<p><strong>Objetivo Talleres<\/strong><\/p>\n\n\n\n<p class=\"has-text-align-center\">\u201cContribuir a la Formaci\u00f3n y Desarrollo de las Habilidades de nuestros alumnos(as), en aquellas \u00e1reas de su inter\u00e9s, durante su tiempo libre\u201d.<\/p>\n\n\n\n<p><\/p>\n\n\n\n<p><\/p>\n\n\n\n<p><u>Podr\u00e1n participar, en forma voluntaria, <\/u>todos(as) los(as) estudiantes, sin excepci\u00f3n, ser\u00e1n <u>evaluados(as) con una nota semestral<\/u>, <u>utilizando escala de 4,0 a 7,0<\/u>,<u> la cual ser\u00e1 agregada en el subsector af\u00edn al taller elegido.<\/u><\/p>\n\n\n\n<p><\/p>\n\n\n\n<p>Para obtener mayor informaci\u00f3n de nuestros Talleres y Selecciones,<strong> <a href=\"https:\/\/drive.google.com\/file\/d\/1tOAsZwzpW1uEOpTblq4SJt2lkLYiFSZ8\/view?usp=share_link\">INGRESAR AQU\u00cd<\/a><\/strong><\/p>\n\n\n\n<figure class=\"wp-block-image size-full\"><a href=\"https:\/\/forms.gle\/GKTKBjPyXVknwMxT9\"><img loading=\"lazy\" decoding=\"async\" width=\"300\" height=\"200\" src=\"https:\/\/www.cemmle.cl\/1984\/wp-content\/uploads\/2023\/03\/INSCRIBIRSE-EN-TALLERES-AQUI.gif\" alt=\"\" class=\"wp-image-404\"\/><\/a><\/figure>\n\n\n<style>.kt-accordion-id_ff8798-fc .kt-accordion-inner-wrap{column-gap:var(--global-kb-gap-md, 2rem);row-gap:10px;}.kt-accordion-id_ff8798-fc .kt-accordion-panel-inner{border-top:0px solid transparent;border-right:0px solid transparent;border-bottom:0px solid transparent;border-left:0px solid transparent;background:#ffffff;padding-top:var(--global-kb-spacing-sm, 1.5rem);padding-right:var(--global-kb-spacing-sm, 1.5rem);padding-bottom:var(--global-kb-spacing-sm, 1.5rem);padding-left:var(--global-kb-spacing-sm, 1.5rem);}.kt-accordion-id_ff8798-fc > .kt-accordion-inner-wrap > .wp-block-kadence-pane > .kt-accordion-header-wrap > .kt-blocks-accordion-header{border-top:0px solid #f2f2f2;border-right:0px solid #f2f2f2;border-bottom:0px solid #f2f2f2;border-left:0px solid #f2f2f2;border-top-left-radius:6px;border-top-right-radius:6px;border-bottom-right-radius:6px;border-bottom-left-radius:6px;background:#f2f2f2;color:#555555;padding-top:14px;padding-right:16px;padding-bottom:14px;padding-left:16px;}.kt-accordion-id_ff8798-fc:not( .kt-accodion-icon-style-basiccircle ):not( .kt-accodion-icon-style-xclosecircle ):not( .kt-accodion-icon-style-arrowcircle )  > .kt-accordion-inner-wrap > .wp-block-kadence-pane > .kt-accordion-header-wrap .kt-blocks-accordion-icon-trigger:after, .kt-accordion-id_ff8798-fc:not( .kt-accodion-icon-style-basiccircle ):not( .kt-accodion-icon-style-xclosecircle ):not( .kt-accodion-icon-style-arrowcircle )  > .kt-accordion-inner-wrap > .wp-block-kadence-pane > .kt-accordion-header-wrap .kt-blocks-accordion-icon-trigger:before{background:#555555;}.kt-accordion-id_ff8798-fc:not( .kt-accodion-icon-style-basic ):not( .kt-accodion-icon-style-xclose ):not( .kt-accodion-icon-style-arrow ) .kt-blocks-accordion-icon-trigger{background:#555555;}.kt-accordion-id_ff8798-fc:not( .kt-accodion-icon-style-basic ):not( .kt-accodion-icon-style-xclose ):not( .kt-accodion-icon-style-arrow ) .kt-blocks-accordion-icon-trigger:after, .kt-accordion-id_ff8798-fc:not( .kt-accodion-icon-style-basic ):not( .kt-accodion-icon-style-xclose ):not( .kt-accodion-icon-style-arrow ) .kt-blocks-accordion-icon-trigger:before{background:#f2f2f2;}.kt-accordion-id_ff8798-fc > .kt-accordion-inner-wrap > .wp-block-kadence-pane > .kt-accordion-header-wrap > .kt-blocks-accordion-header:hover, \n\t\t\t\tbody:not(.hide-focus-outline) .kt-accordion-id_ff8798-fc .kt-blocks-accordion-header:focus-visible{color:#444444;background:#eeeeee;border-top-color:#eeeeee;border-top-style:solid;border-right-color:#eeeeee;border-right-style:solid;border-bottom-color:#eeeeee;border-bottom-style:solid;border-left-color:#eeeeee;border-left-style:solid;}.kt-accordion-id_ff8798-fc:not( .kt-accodion-icon-style-basiccircle ):not( .kt-accodion-icon-style-xclosecircle ):not( .kt-accodion-icon-style-arrowcircle ) .kt-accordion-header-wrap .kt-blocks-accordion-header:hover .kt-blocks-accordion-icon-trigger:after, .kt-accordion-id_ff8798-fc:not( .kt-accodion-icon-style-basiccircle ):not( .kt-accodion-icon-style-xclosecircle ):not( .kt-accodion-icon-style-arrowcircle ) .kt-accordion-header-wrap .kt-blocks-accordion-header:hover .kt-blocks-accordion-icon-trigger:before, body:not(.hide-focus-outline) .kt-accordion-id_ff8798-fc:not( .kt-accodion-icon-style-basiccircle ):not( .kt-accodion-icon-style-xclosecircle ):not( .kt-accodion-icon-style-arrowcircle ) .kt-blocks-accordion--visible .kt-blocks-accordion-icon-trigger:after, body:not(.hide-focus-outline) .kt-accordion-id_ff8798-fc:not( .kt-accodion-icon-style-basiccircle ):not( .kt-accodion-icon-style-xclosecircle ):not( .kt-accodion-icon-style-arrowcircle ) .kt-blocks-accordion-header:focus-visible .kt-blocks-accordion-icon-trigger:before{background:#444444;}.kt-accordion-id_ff8798-fc:not( .kt-accodion-icon-style-basic ):not( .kt-accodion-icon-style-xclose ):not( .kt-accodion-icon-style-arrow ) .kt-accordion-header-wrap .kt-blocks-accordion-header:hover .kt-blocks-accordion-icon-trigger, body:not(.hide-focus-outline) .kt-accordion-id_ff8798-fc:not( .kt-accodion-icon-style-basic ):not( .kt-accodion-icon-style-xclose ):not( .kt-accodion-icon-style-arrow ) .kt-accordion-header-wrap .kt-blocks-accordion-header:focus-visible .kt-blocks-accordion-icon-trigger{background:#444444;}.kt-accordion-id_ff8798-fc:not( .kt-accodion-icon-style-basic ):not( .kt-accodion-icon-style-xclose ):not( .kt-accodion-icon-style-arrow ) .kt-accordion-header-wrap .kt-blocks-accordion-header:hover .kt-blocks-accordion-icon-trigger:after, .kt-accordion-id_ff8798-fc:not( .kt-accodion-icon-style-basic ):not( .kt-accodion-icon-style-xclose ):not( .kt-accodion-icon-style-arrow ) .kt-accordion-header-wrap .kt-blocks-accordion-header:hover .kt-blocks-accordion-icon-trigger:before, body:not(.hide-focus-outline) .kt-accordion-id_ff8798-fc:not( .kt-accodion-icon-style-basic ):not( .kt-accodion-icon-style-xclose ):not( .kt-accodion-icon-style-arrow ) .kt-accordion-header-wrap .kt-blocks-accordion-header:focus-visible .kt-blocks-accordion-icon-trigger:after, body:not(.hide-focus-outline) .kt-accordion-id_ff8798-fc:not( .kt-accodion-icon-style-basic ):not( .kt-accodion-icon-style-xclose ):not( .kt-accodion-icon-style-arrow ) .kt-accordion-header-wrap .kt-blocks-accordion-header:focus-visible .kt-blocks-accordion-icon-trigger:before{background:#eeeeee;}.kt-accordion-id_ff8798-fc .kt-accordion-header-wrap .kt-blocks-accordion-header:focus-visible,\n\t\t\t\t.kt-accordion-id_ff8798-fc > .kt-accordion-inner-wrap > .wp-block-kadence-pane > .kt-accordion-header-wrap > .kt-blocks-accordion-header.kt-accordion-panel-active{color:#ffffff;background:#f3690e;border-top-color:#f3690e;border-top-style:solid;border-right-color:#f3690e;border-right-style:solid;border-bottom-color:#f3690e;border-bottom-style:solid;border-left-color:#f3690e;border-left-style:solid;}.kt-accordion-id_ff8798-fc:not( .kt-accodion-icon-style-basiccircle ):not( .kt-accodion-icon-style-xclosecircle ):not( .kt-accodion-icon-style-arrowcircle )  > .kt-accordion-inner-wrap > .wp-block-kadence-pane > .kt-accordion-header-wrap > .kt-blocks-accordion-header.kt-accordion-panel-active .kt-blocks-accordion-icon-trigger:after, .kt-accordion-id_ff8798-fc:not( .kt-accodion-icon-style-basiccircle ):not( .kt-accodion-icon-style-xclosecircle ):not( .kt-accodion-icon-style-arrowcircle )  > .kt-accordion-inner-wrap > .wp-block-kadence-pane > .kt-accordion-header-wrap > .kt-blocks-accordion-header.kt-accordion-panel-active .kt-blocks-accordion-icon-trigger:before{background:#ffffff;}.kt-accordion-id_ff8798-fc:not( .kt-accodion-icon-style-basic ):not( .kt-accodion-icon-style-xclose ):not( .kt-accodion-icon-style-arrow ) .kt-blocks-accordion-header.kt-accordion-panel-active .kt-blocks-accordion-icon-trigger{background:#ffffff;}.kt-accordion-id_ff8798-fc:not( .kt-accodion-icon-style-basic ):not( .kt-accodion-icon-style-xclose ):not( .kt-accodion-icon-style-arrow ) .kt-blocks-accordion-header.kt-accordion-panel-active .kt-blocks-accordion-icon-trigger:after, .kt-accordion-id_ff8798-fc:not( .kt-accodion-icon-style-basic ):not( .kt-accodion-icon-style-xclose ):not( .kt-accodion-icon-style-arrow ) .kt-blocks-accordion-header.kt-accordion-panel-active .kt-blocks-accordion-icon-trigger:before{background:#f3690e;}@media all and (max-width: 1024px){.kt-accordion-id_ff8798-fc .kt-accordion-panel-inner{border-top:0px solid transparent;border-right:0px solid transparent;border-bottom:0px solid transparent;border-left:0px solid transparent;}}@media all and (max-width: 1024px){.kt-accordion-id_ff8798-fc > .kt-accordion-inner-wrap > .wp-block-kadence-pane > .kt-accordion-header-wrap > .kt-blocks-accordion-header{border-top:0px solid #f2f2f2;border-right:0px solid #f2f2f2;border-bottom:0px solid #f2f2f2;border-left:0px solid #f2f2f2;}}@media all and (max-width: 1024px){.kt-accordion-id_ff8798-fc > .kt-accordion-inner-wrap > .wp-block-kadence-pane > .kt-accordion-header-wrap > .kt-blocks-accordion-header:hover, \n\t\t\t\tbody:not(.hide-focus-outline) .kt-accordion-id_ff8798-fc .kt-blocks-accordion-header:focus-visible{border-top-color:#eeeeee;border-top-style:solid;border-right-color:#eeeeee;border-right-style:solid;border-bottom-color:#eeeeee;border-bottom-style:solid;border-left-color:#eeeeee;border-left-style:solid;}}@media all and (max-width: 1024px){.kt-accordion-id_ff8798-fc .kt-accordion-header-wrap .kt-blocks-accordion-header:focus-visible,\n\t\t\t\t.kt-accordion-id_ff8798-fc > .kt-accordion-inner-wrap > .wp-block-kadence-pane > .kt-accordion-header-wrap > .kt-blocks-accordion-header.kt-accordion-panel-active{border-top-color:#f3690e;border-top-style:solid;border-right-color:#f3690e;border-right-style:solid;border-bottom-color:#f3690e;border-bottom-style:solid;border-left-color:#f3690e;border-left-style:solid;}}@media all and (max-width: 767px){.kt-accordion-id_ff8798-fc .kt-accordion-inner-wrap{display:block;}.kt-accordion-id_ff8798-fc .kt-accordion-inner-wrap .kt-accordion-pane:not(:first-child){margin-top:10px;}.kt-accordion-id_ff8798-fc .kt-accordion-panel-inner{border-top:0px solid transparent;border-right:0px solid transparent;border-bottom:0px solid transparent;border-left:0px solid transparent;}.kt-accordion-id_ff8798-fc > .kt-accordion-inner-wrap > .wp-block-kadence-pane > .kt-accordion-header-wrap > .kt-blocks-accordion-header{border-top:0px solid #f2f2f2;border-right:0px solid #f2f2f2;border-bottom:0px solid #f2f2f2;border-left:0px solid #f2f2f2;}.kt-accordion-id_ff8798-fc > .kt-accordion-inner-wrap > .wp-block-kadence-pane > .kt-accordion-header-wrap > .kt-blocks-accordion-header:hover, \n\t\t\t\tbody:not(.hide-focus-outline) .kt-accordion-id_ff8798-fc .kt-blocks-accordion-header:focus-visible{border-top-color:#eeeeee;border-top-style:solid;border-right-color:#eeeeee;border-right-style:solid;border-bottom-color:#eeeeee;border-bottom-style:solid;border-left-color:#eeeeee;border-left-style:solid;}.kt-accordion-id_ff8798-fc .kt-accordion-header-wrap .kt-blocks-accordion-header:focus-visible,\n\t\t\t\t.kt-accordion-id_ff8798-fc > .kt-accordion-inner-wrap > .wp-block-kadence-pane > .kt-accordion-header-wrap > .kt-blocks-accordion-header.kt-accordion-panel-active{border-top-color:#f3690e;border-top-style:solid;border-right-color:#f3690e;border-right-style:solid;border-bottom-color:#f3690e;border-bottom-style:solid;border-left-color:#f3690e;border-left-style:solid;}}<\/style>\n<div class=\"wp-block-kadence-accordion alignnone\"><div class=\"kt-accordion-wrap kt-accordion-id_ff8798-fc kt-accordion-has-6-panes kt-active-pane-0 kt-accordion-block kt-pane-header-alignment-left kt-accodion-icon-style-basic kt-accodion-icon-side-right\" style=\"max-width:none\"><div class=\"kt-accordion-inner-wrap\" data-allow-multiple-open=\"false\" data-start-open=\"0\">\n<div class=\"wp-block-kadence-pane kt-accordion-pane kt-accordion-pane-2 kt-pane_93e28b-88\"><div class=\"kt-accordion-header-wrap\"><button class=\"kt-blocks-accordion-header kt-acccordion-button-label-show\"><span class=\"kt-blocks-accordion-title-wrap\"><span class=\"kt-blocks-accordion-title\">Lunes<\/span><\/span><span class=\"kt-blocks-accordion-icon-trigger\"><\/span><\/button><\/div><div class=\"kt-accordion-panel kt-accordion-panel-hidden\"><div class=\"kt-accordion-panel-inner\">\n<p><strong>ATLETISMO<\/strong> (1\u00b0 a 4\u00b0 B\u00e1sicos)&nbsp; 15:00 a 16.00 Hrs. &#8211; Profesor Sergio Marambio &#8211; sergiomarambio@cemmle.cl<\/p>\n\n\n\n<p><strong>F\u00daTBOL <\/strong>(1\u00b0 Y 2\u00b0 B\u00e1sicos) 15:15 a 16:45 Hrs. &#8211; Marco Canales &#8211; marcocanales@cemmle.cl<\/p>\n\n\n\n<p><strong>PSICOMOTRICIDAD<\/strong> (15:15 a 16:45 Hrs.) &#8211; Profesora Fernanda Guti\u00e9rrez &#8211; fernandagutierrez@cemmle.cl<\/p>\n\n\n\n<p><strong>TICS<\/strong> (3\u00b0 a 6\u00b0 B\u00e1sicos) 15:15 a 16:00 Hrs. &#8211; Profesor Luis Courriol &#8211; luiscourriol@cemmle.cl<\/p>\n\n\n\n<p><strong>B\u00c1SQUETBOL<\/strong> (5\u00b0 a&nbsp; 8\u00b0) 15:15 a 16:45 Hrs. &#8211; Profesor Ariel C\u00e1ceres -arielcaceres@cemmle.cl<\/p>\n\n\n\n<p><strong>MANUALIDADES <\/strong>(3\u00b0 a 6\u00b0) 15:15 a 16:00 Hrs. &#8211; Profesora Ely Barra &#8211; elybarra@cemmle.cl<\/p>\n<\/div><\/div><\/div>\n\n\n\n<div class=\"wp-block-kadence-pane kt-accordion-pane kt-accordion-pane-3 kt-pane_6a80d7-2a\"><div class=\"kt-accordion-header-wrap\"><button class=\"kt-blocks-accordion-header kt-acccordion-button-label-show\"><span class=\"kt-blocks-accordion-title-wrap\"><span class=\"kt-blocks-accordion-title\">Martes<\/span><\/span><span class=\"kt-blocks-accordion-icon-trigger\"><\/span><\/button><\/div><div class=\"kt-accordion-panel kt-accordion-panel-hidden\"><div class=\"kt-accordion-panel-inner\">\n<p><strong>ATLETISMO<\/strong> (5\u00b0 a 8\u00b0 B\u00e1sicos) 15:00 a 16.00 Hrs. &#8211; Profesor Sergio Marambio &#8211; sergiomarambio@cemmle.cl<\/p>\n\n\n\n<p><strong>F\u00daTBOL<\/strong> (3\u00b0 Y 4\u00b0 B\u00e1sicos) 15:15 a 16:45 Hrs. &#8211; Marco Canales &#8211; marcocanales@cemmle.cl<\/p>\n\n\n\n<p><strong>DANZA <\/strong>(1\u00b0 a 3\u00b0 B\u00e1sicos) 15:15 a 16:45 Hrs.  &#8211; Profesora Fernanda Guti\u00e9rrez &#8211; fernandagutierrez@cemmle.cl<\/p>\n\n\n\n<p><strong>ENSAMBLE<\/strong> <strong>M\u00daSICA<\/strong>L (4\u00b0 B\u00e1s. a 4\u00b0 M) 15:15 a 16:00 Hrs. &#8211; Profesor Francisco Moya &#8211; franciscomoya@cemmle.cl<\/p>\n\n\n\n<p><strong>V\u00d3LEIBOL <\/strong>(6\u00b0a 8\u00b0 B\u00e1sicos) 15:15 a 16:45 Hrs. &#8211; Profesora M\u00f3nica Gonz\u00e1lez &#8211; monicagonzalez@cemmle.cl<\/p>\n<\/div><\/div><\/div>\n\n\n\n<div class=\"wp-block-kadence-pane kt-accordion-pane kt-accordion-pane-4 kt-pane_e79ef3-2c\"><div class=\"kt-accordion-header-wrap\"><button class=\"kt-blocks-accordion-header kt-acccordion-button-label-show\"><span class=\"kt-blocks-accordion-title-wrap\"><span class=\"kt-blocks-accordion-title\">Mi\u00e9rcoles<\/span><\/span><span class=\"kt-blocks-accordion-icon-trigger\"><\/span><\/button><\/div><div class=\"kt-accordion-panel kt-accordion-panel-hidden\"><div class=\"kt-accordion-panel-inner\">\n<p><strong>ATLETISMO<\/strong> (1\u00b0 a 4\u00b0 B\u00e1sicos) 15:00 a 16.00 Hrs. &#8211; Profesor Sergio Marambio &#8211; sergiomarambio@cemmle.cl<\/p>\n\n\n\n<p><strong>F\u00daTBOL<\/strong> (7\u00b0 a 2\u00b0 Medios) 15.15 a 16:45 Hrs. &#8211; Marco Canales &#8211; marcocanales@cemmle.cl<\/p>\n\n\n\n<p><strong>DANZA SELECCI\u00d3N<\/strong> (15:15 a 16:45 hrs. &#8211; Profesora Fernanda Guti\u00e9rrez &#8211; fernandagutierrez@cemmle.cl<\/p>\n\n\n\n<p><strong>TEATRO<\/strong> (5\u00b0 a 7\u00b0 B\u00e1sicos) 15:15 a 16:45 Hrs. &#8211; Profesora B\u00e1rbara Uribe &#8211; barbarauribe@cemmle.cl<\/p>\n\n\n\n<p><strong>SELECCI\u00d3N V\u00d3LEIBOL E.MEDIA<\/strong> 15:15 a\u00a0 16:45 Hrs. &#8211; Profesora M\u00f3nica Gonz\u00e1lez &#8211; monicagonzalez@cemmle.cl<\/p>\n\n\n\n<p><strong>SELECCI\u00d3N DE F\u00daTBOL<\/strong> 15:15 a 16:45 hrs.<\/p>\n<\/div><\/div><\/div>\n\n\n\n<div class=\"wp-block-kadence-pane kt-accordion-pane kt-accordion-pane-5 kt-pane_3afb62-01\"><div class=\"kt-accordion-header-wrap\"><button class=\"kt-blocks-accordion-header kt-acccordion-button-label-show\"><span class=\"kt-blocks-accordion-title-wrap\"><span class=\"kt-blocks-accordion-title\">Jueves<\/span><\/span><span class=\"kt-blocks-accordion-icon-trigger\"><\/span><\/button><\/div><div class=\"kt-accordion-panel kt-accordion-panel-hidden\"><div class=\"kt-accordion-panel-inner\">\n<p><strong>ATLETISMO<\/strong> (5\u00b0 a 8\u00b0 B\u00e1sicos) 15:00 a 16.00 Hrs. &#8211; Profesor Sergio Marambio &#8211; sergiomarambio@cemmle.cl<\/p>\n\n\n\n<p><strong>F\u00daTBOL<\/strong> (5\u00b0 y 6\u00b0) 15:15 a 16:45 hrs. &#8211; Marco Canales &#8211; marcocanales@cemmle.cl<\/p>\n\n\n\n<p><strong>DANZA<\/strong> (4\u00b0 a 6\u00b0 B\u00e1sicos) 15:15 a 16:45 Hrs. &#8211; Profesora Fernanda Guti\u00e9rrez &#8211; fernandagutierrez@cemmle.cl<\/p>\n\n\n\n<p><strong>TICS<\/strong> (1\u00b0 y 2\u00b0 B\u00e1sicos) 15:15 a 16:00 Hrs. &#8211; Profesor Luis Courriol &#8211; luiscourriol@cemmle.cl<\/p>\n\n\n\n<p><strong>ARTISTAS<\/strong> (1\u00b0 y 2\u00b0 B\u00e1sicos 15:15 a 16:00 Hrs. &#8211; Profesora Victoria D\u00edaz &#8211; victoriadiaz@cemmle.cl<\/p>\n\n\n\n<p><strong>GUITARRA \/UKELELE<\/strong> (3\u00b0 B\u00e1s. a 4\u00b0M) 15:15 a 16:00 Hrs. &#8211; Profesor Francisco Moya &#8211; franciscomoya@cemmle.cl<\/p>\n\n\n\n<p><strong>AJEDREZ<\/strong> (7\u00b0 a 4\u00b0 M) 15:15 a 16:00 Hrs. &#8211; Profesor Jos\u00e9 Castro &#8211; josecastro@cemmle.cl<\/p>\n\n\n\n<p><strong>MODELOS CIENT\u00cdFICOS<\/strong> (7\u00b0 A 1\u00b0 M) 15.15 a 16:45 Hrs. &#8211; Profesor Manuel Mart\u00ednez &#8211; manuelmartinez@cemmle.cl<\/p>\n\n\n\n<p><strong>SELECCI\u00d3N DE F\u00daTBOL<\/strong> 15:15 a 16:45 hrs.<\/p>\n<\/div><\/div><\/div>\n\n\n\n<div class=\"wp-block-kadence-pane kt-accordion-pane kt-accordion-pane-6 kt-pane_dfb49d-63\"><div class=\"kt-accordion-header-wrap\"><button class=\"kt-blocks-accordion-header kt-acccordion-button-label-show\"><span class=\"kt-blocks-accordion-title-wrap\"><span class=\"kt-blocks-accordion-title\">Viernes<\/span><\/span><span class=\"kt-blocks-accordion-icon-trigger\"><\/span><\/button><\/div><div class=\"kt-accordion-panel kt-accordion-panel-hidden\"><div class=\"kt-accordion-panel-inner\">\n<p><strong>SELECCI\u00d3N V\u00d3LEIBOL E.MEDIA <\/strong>13:00&nbsp; a 14:30 hrs. &#8211; Profesora M\u00f3nica Gonz\u00e1lez &#8211; monicagonzalez@cemmle.cl<\/p>\n<\/div><\/div><\/div>\n<\/div><\/div><\/div>\n\n\n\n<p><strong>SELECCI\u00d3N DE V\u00d3LEIBOL E. MEDIA<\/strong> 13:00 a 14:30 hrs.<\/p>\n\n\n\n<p><\/p>\n\n\n\n<p><strong>M\u00f3nica Gonz\u00e1lez Mora &#8211; Encargada Extraescolar<\/strong><\/p>\n\n\n\n<p>monicagonzalez@cemmle.cl<\/p>\n\n\n<style>.kb-google-maps-container_88599d-d1{max-width:1250px;height:576px;}<\/style>\n<div class=\"kb-google-maps-container kb-google-maps-container_88599d-d1\" data-mapid=\"_88599d-d1\"><iframe width=\"100%\" height=\"100%\" style=\"border:0\" loading=\"lazy\" src=\"https:\/\/www.google.com\/maps\/embed\/v1\/place?key=AIzaSyBAM2o7PiQqwk15LC1XRH2e_KJ-jUa7KYk&amp;zoom=16&amp;maptype=roadmap&amp;q=Padre%20Hurtado%20770%20Curic%C3%B3\"><\/iframe><\/div>\n<script>function kb_google_map_88599dd1() { let center = { lat: 37.8201, lng: -122.4781}; let map = new google.maps.Map(document.getElementById(\"kb-google-map_88599dd1\"), {\n\t\t\t\t\t    zoom: 16,\n\t\t\t\t\t    center: center,});let marker = new google.maps.Marker({   position: { lat: 37.8201, lng: -122.4781},    map: map,  });}<\/script>","protected":false},"excerpt":{"rendered":"<p>Estimados(as) Apoderados(as): Junto con desearles un exitoso a\u00f1o, tanto en lo personal como familiar, le damos a conocer la&nbsp;N\u00f3mina de los Talleres y Selecciones 2023,&nbsp;que comenzar\u00e1n a funcionar desde el&nbsp;lunes 13 de Marzo 2023.&nbsp; Objetivo Talleres \u201cContribuir a la Formaci\u00f3n y Desarrollo de las Habilidades de nuestros alumnos(as), en aquellas \u00e1reas de su inter\u00e9s, durante [&hellip;]<\/p>\n","protected":false},"author":1,"featured_media":400,"parent":0,"menu_order":0,"comment_status":"closed","ping_status":"closed","template":"","meta":{"_themeisle_gutenberg_block_has_review":false,"footnotes":""},"class_list":["post-397","page","type-page","status-publish","has-post-thumbnail","hentry"],"_links":{"self":[{"href":"https:\/\/www.cemmle.cl\/1984\/index.php\/wp-json\/wp\/v2\/pages\/397","targetHints":{"allow":["GET"]}}],"collection":[{"href":"https:\/\/www.cemmle.cl\/1984\/index.php\/wp-json\/wp\/v2\/pages"}],"about":[{"href":"https:\/\/www.cemmle.cl\/1984\/index.php\/wp-json\/wp\/v2\/types\/page"}],"author":[{"embeddable":true,"href":"https:\/\/www.cemmle.cl\/1984\/index.php\/wp-json\/wp\/v2\/users\/1"}],"replies":[{"embeddable":true,"href":"https:\/\/www.cemmle.cl\/1984\/index.php\/wp-json\/wp\/v2\/comments?post=397"}],"version-history":[{"count":15,"href":"https:\/\/www.cemmle.cl\/1984\/index.php\/wp-json\/wp\/v2\/pages\/397\/revisions"}],"predecessor-version":[{"id":519,"href":"https:\/\/www.cemmle.cl\/1984\/index.php\/wp-json\/wp\/v2\/pages\/397\/revisions\/519"}],"wp:featuredmedia":[{"embeddable":true,"href":"https:\/\/www.cemmle.cl\/1984\/index.php\/wp-json\/wp\/v2\/media\/400"}],"wp:attachment":[{"href":"https:\/\/www.cemmle.cl\/1984\/index.php\/wp-json\/wp\/v2\/media?parent=397"}],"curies":[{"name":"wp","href":"https:\/\/api.w.org\/{rel}","templated":true}]}}